 what is 111010111 + 11?
111010122
In base 13, what is 3850 + -2?
384b
In base 13, what is 352 - -2?
354
In base 13, what is 8 - 23?
-18
In base 6, what is 4 + -22?
-14
In base 6, what is 25 - -55?
124
In base 6, what is 0 + 440?
440
In base 6, what is 142 + 4?
150
In base 9, what is -1 + -650?
-651
In base 12, what is 931 + 3?
934
In base 3, what is -2 - 11210022?
-11210101
In base 13, what is cc - -9?
108
In base 14, what is 5 - 3a0?
-399
In base 16, what is 102 + -4?
fe
In base 13, what is 10 + 48?
58
In base 7, what is 14623 + -4?
14616
In base 11, what is 2 + 822?
824
In base 16, what is -18 + -6?
-1e
In base 6, what is 0 - 1?
-1
In base 14, what is 28bc + 3?
28c1
In base 11, what is 3 + 6?
9
In base 7, what is 211 + -3?
205
In base 9, what is -2 - 518?
-521
In base 13, what is a3c + 0?
a3c
In base 15, what is -5 + -2?
-7
In base 3, what is -2 + -1110?
-1112
In base 15, what is 3 + 1b?
1e
In base 3, what is -100122 + -1?
-100200
In base 7, what is 1 - 16564?
-16563
In base 6, what is -2 - 121?
-123
In base 8, what is -15010 + 4?
-15004
In base 11, what is -13a + -5?
-144
In base 6, what is 0 + -11330?
-11330
In base 2, what is 1010111000 + -101?
1010110011
In base 11, what is -6 - -57?
51
In base 13, what is -1 - -2a8?
2a7
In base 4, what is -3 - 1021?
-1030
In base 12, what is -4 + -7?
-b
In base 7, what is 260 + 2?
262
In base 5, what is 1 - -301?
302
In base 4, what is -1220333 - 3?
-1221002
In base 14, what is -2d - 118?
-147
In base 4, what is -3 - 1122?
-1131
In base 2, what is 1101011 + -100?
1100111
In base 12, what is -2a4 + -19?
-301
In base 16, what is a + -848?
-83e
In base 12, what is 6 + 134?
13a
In base 7, what is -21 + 1161?
1140
In base 10, what is 1 + -189?
-188
In base 7, what is -112 - -51?
-31
In base 6, what is 50 + 12?
102
In base 3, what is -11010 - 100?
-11110
In base 14, what is -a8a - -4?
-a86
In base 9, what is -5 - -1045?
1040
In base 4, what is 1302 - -1?
1303
In base 6, what is -121 + -4?
-125
In base 6, what is 3102 + -2?
3100
In base 11, what is 88 + -5?
83
In base 8, what is -15 - 32?
-47
In base 3, what is 21001102 - -10?
21001112
In base 5, what is 1032 + 243?
1330
In base 7, what is 4 - 104?
-100
In base 5, what is 4424 - -41?
10020
In base 4, what is -32 - -2202?
2110
In base 8, what is 106 + -334?
-226
In base 16, what is 1d0d - -4?
1d11
In base 4, what is 33313 + -10?
33303
In base 4, what is -10113 + -2?
-10121
In base 7, what is 0 + 1303?
1303
In base 2, what is -10010101010 - 101?
-10010101111
In base 8, what is 2 + 505?
507
In base 5, what is 3 + -130?
-122
In base 2, what is 100011010 + 0?
100011010
In base 13, what is 5 + 39?
41
In base 10, what is 1751 + 5?
1756
In base 13, what is -8 + 422?
417
In base 6, what is -25402 + 3?
-25355
In base 8, what is 567 - -1?
570
In base 3, what is 1112 + -2?
1110
In base 8, what is 0 - 3147?
-3147
In base 5, what is 10 - 2122?
-2112
In base 10, what is 203 - -5?
208
In base 13, what is 2 - -1a1?
1a3
In base 2, what is -10111101 + -10011000?
-101010101
In base 7, what is 24 - 30?
-3
In base 5, what is -4 + -4222?
-4231
In base 10, what is -3 - -212?
209
In base 5, what is 10 + 202?
212
In base 7, what is -3 + -42?
-45
In base 16, what is 23 + -9?
1a
In base 2, what is -11010 + -10000010?
-10011100
In base 13, what is -121 + 2?
-11c
In base 2, what is 1111100010 + 1?
1111100011
In base 15, what is -4e6 - b?
-502
In base 8, what is -1 - 54?
-55
In base 6, what is 4 - -320?
324
In base 15, what is -83 - 4?
-87
In base 15, what is -8d + 0?
-8d
In base 2, what is -101110000 + 1?
-101101111
In base 15, what is -1356 + -3?
-1359
In base 5, what is -2 - 413?
-420
In base 14, what is -3 + 20?
1b
In base 16, what is 2 - -7?
9
In base 16, what is -1d + 2e?
11
In base 8, what is -3 + -1?
-4
In base 7, what is -125 + 44?
-51
In base 8, what is -1 + -513?
-514
In base 14, what is -4 - -43?
3d
In base 9, what is -527 + 0?
-527
In base 3, what is -21101 + 10?
-21021
In base 16, what is -17 - -11?
-6
In base 12, what is 3 - 4587?
-4584
In base 3, what is 2000 + 2011?
11011
In base 14, what is 1c - 20?
-2
In base 9, what is 12 + -1177?
-1165
In base 12, what is -34 - 134?
-168
In base 15, what is 8 - 1?
7
In base 2, what is -11 - 10110?
-11001
In base 8, what is -241 + -7?
-250
In base 7, what is 23040 - -3?
23043
In base 4, what is 10 + 22?
32
In base 13, what is 3 - 3b8?
-3b5
In base 7, what is 0 + 133?
133
In base 6, what is 54 + 3?
101
In base 7, what is -302 - 1?
-303
In base 12, what is 0 + 3a?
3a
In base 12, what is 3 - -138?
13b
In base 12, what is 3 - -3?
6
In base 4, what is -322 - -3?
-313
In base 13, what is -3 + 308?
305
In base 14, what is 1c5 + 3?
1c8
In base 4, what is -2132 - 1?
-2133
In base 3, what is 101010 - -10?
101020
In base 13, what is -1 + 857?
856
In base 10, what is 115 + -2?
113
In base 7, what is 10321 - -4?
10325
In base 2, what is 110100001 - 1?
110100000
In base 10, what is 5 - 7?
-2
In base 12, what is -6 + 46?
40
In base 2, what is -100 - 10100?
-11000
In base 2, what is 111 + 1010000?
1010111
In base 5, what is -1303 + -10?
-1313
In base 14, what is 7 - -1839?
1842
In base 15, what is 7 + -3c?
-35
In base 9, what is -100 + 1?
-88
In base 14, what is 3 - 39?
-36
In base 6, what is 153 + 351?
544
In base 5, what is -120 - 12?
-132
In base 8, what is 73753 - -4?
73757
In base 6, what is 5 + 1224?
1233
In base 12, what is 12 + -2?
10
In base 9, what is 2 + -253?
-251
In base 9, what is -2 + -335?
-337
In base 15, what is -2 + -36?
-38
In base 8, what is 132 + -4?
126
In base 15, what is -5 + -12?
-17
In base 2, what is 10000 - 11111010?
-11101010
In base 2, what is -111101110 + 101?
-111101001
In base 4, what is -2020 + -10?
-2030
In base 7, what is 2 + 330?
332
In base 7, what is 5 + -214?
-206
In base 11, what is 6267 - -2?
6269
In base 7, what is 51 + -135?
-54
In base 7, what is 320 + 142?
462
In base 9, what is -2 + 1?
-1
In base 10, what is -4 + 125?
121
In base 11, what is -220 - -6?
-215
In base 10, what is -4 + 56?
52
In base 10, what is 3 - -5076?
5079
In base 10, what is -2 + 16?
14
In base 9, what is -387 - 6?
-404
In base 13, what is b + 2?
10
In base 5, what is 4 + 303?
312
In base 2, what is 1010101 - -111?
1011100
In base 2, what is 111101111000 + -1010?
111101101110
In base 14, what is -18 + -6?
-20
In base 4, what is -2120 + -2?
-2122
In base 2, what is 10111 - -11000?
101111
In base 6, what is 0 - -3?
3
In base 3, what is 0 + 210020?
210020
In base 13, what is 1 + 22?
23
In base 8, what is 3671 - 3?
3666
In base 10, what is 865 - 2?
863
In base 9, what is 11 - -187?
208
In base 11, what is 3 + -23?
-20
In base 3, what is -12 + -2202?
-2221
In base 10, what is 2 - 64?
-62
In base 7, what is -5 + -14200?
-14205
In base 14, what is -4 + 1?
-3
In base 15, what is -21 + -13?
-34
In base 2, what is 0 + -10000?
-10000
In base 3, what is -22000 + 102?
-21121
In base 6, what is 4 + -42?
-34
In base 3, what is 0 - -120101?
120101
In base 8, what is -5143 + -3?
-5146
In base 11, what is -a - -39?
2a
In base 8, what is -5 - -101?
74
In base 15, what is 1 - -db5?
db6
In base 8, what is -5 - -6?
1
In base 6, what is -51 + -3?
-54
In base 8, what is 230 - -6?
236
In base 5, what is 101 + -11?
40
In base 6, what is -3 - 204?
-211
In base 4, what is 33 + -3320?
-3221
In base 13, what is 0 + 21?
21
In base 9, what is -44 - 4?
-48
In base 8, what is -60 - -22?
-36
In base 5, what is 2 + 2220?
2222
In base 10, what is -588 - -3?
-585
In base 8, what is -2 + -2?
-4
In base 3, what is -202 + -202001?
-202210
In base 16, what is 22 - 8?
1a
In base 10, what is -500 + 4?
-496
In base 6, what is 11303 + -3?
11300
In base 6, what is -5525 - 5?
-5534
In base 5, what is -2 - 13143?
-13200
In base 14, what is 5 + 34?
39
In base 15, what is 556 + -5?
551
In base 9, what is -4 - -67?
63
In base 9, what is -1531 - 1?
-1532
In base 12, what is -19 + b?
-a
In base 12, what is -3 - 275?
-278
In base 4, what is -10 + -22020?
-22030
In base 2, what is 100100 - -11?
100111
In base 12, what is -46 - 169?
-1b3
In base 5, what is 2 - -131330?
131332
In base 15, what is -4 + 21b?
217
In base 9, what is 5 + 5042?
5047
In base 8, what is 11011 + 1?
11012
In base 16, what is -3 + 2a8?
2a5
In base 16, what is 7 - -6a?
71
In base 10, what is -4 + -30?
-34
In base 7, 